et d(w) = w**3 + 16*w**2 + 13*w - 20. Suppose -14*o = 94 + 116. Calculate d(o).
10
Let g(u) = 682736*u + 8 + 5 - 682737*u. Calculate g(7).
6
Let b(j) = 6 + 2 + 3*j - 2 - 7 - 11. Determine b(-5).
-27
Let u(x) = -x**3 + 6*x**2 + 9*x - 4. Let c(t) = -t**3 + 11*t**2 + 42*t + 7. Let i be c(14). What is u(i)?
10
Let b be 0 + (0/2)/2. Let c(w) = -3*w + 3*w + 6 + 215*w**2 - 4 - 214*w**2. Give c(b).
2
Let v = 29 - -23. Let u be ((-1)/(-2))/(13/v). Let c(p) = 2*p**2 + 2*p. Give c(u).
12
Let c be -1 - 2/(3 + -4). Suppose -2*d - 5*x + 9 = 0, 2*d - x = c + 2. Let i(v) = -d + 5 + 4*v**2 + 2*v - 2 - 2 + v**3. Determine i(-2).
3
Let l(t) = -t**2 + 9*t - 1. Suppose 30*k = 152 + 118. What is l(k)?
-1
Let m(x) = x - 23. Let s = -1051 + 1073. Determine m(s).
-1
Let a(b) = -1 - 3*b**3 + 3 + 5*b**3 - 4*b**2. Let k be (-17 - -18) + (-7)/((-7)/2). Give a(k).
20
Let q = 4 + -1. Let m(o) = 3*o - 3*o - 4 - 2*o. Give m(q).
-10
Let p(y) = 78 - 39 + 0*y - y - 28. What is p(0)?
11
Let p(z) be the first derivative of 5*z**3/6 + 2*z**2 + 29*z - 55. Let b(c) be the first derivative of p(c). Determine b(-3).
-11
Let j(c) = c - 2. Let h(y) = 5*y**2 + 80*y - 21. Let t be h(-19). Let s be t/56 + -1 + (-2)/(-7). What is j(s)?
2
Let g(t) = -6*t. Let i(l) = -l**2 - 6*l - 4. Let n be i(-4). Suppose 0 = -4*u + 3*x - 3, -n*u + x = -9*u + 1. Suppose -3 = -3*a - u*a. Give g(a).
-6
Suppose -5*t + 91 = 2*t. Suppose 4*b - 169 = -3*w, -t = b + 2*w - 59. Let a(y) = b*y + 2 + 4 - 39*y. Determine a(-7).
-1
Let a(g) = 2*g + 12. Let f(l) = -3*l - 15. Let v(i) = 4*a(i) + 3*f(i). What is v(8)?
-5
Let n(h) = h. Let l(p) = -4*p - 2. Let c(z) = -l(z) - 2*n(z). Calculate c(-6).
-10
Suppose 2*v + 12 = 4*t - 8, -43 = 5*v - 3*t. Let p = v + 11. Suppose u + 5 = p. Let c(y) = -2*y**2 - 2*y. Calculate c(u).
-4
Let s(y) = 5*y - 168441 - 2*y**2 - y + 168443. Suppose 2*h - 4 = -g, -6*g - 8 = -4*g. What is s(h)?
-14
Suppose 0*a - 7*a + 70 = 0. Suppose 7*l - a*l + 3 = 0. Let h be -9*l/9*6. Let w(g) = -g - 1. What is w(h)?
5
Let t(z) = -4*z + 35. Let f = 398 + -388. What is t(f)?
-5
Let a(c) = 4*c - 14. Let y be a(4). Let o(z) = 0*z + y + z + 0*z - 1. Calculate o(2).
3
Let x(k) be the first derivative of -3 + 0*k + 7/2*k**2 + 1/3*k**3 + 1/12*k**4. Let z(m) be the second derivative of x(m). What is z(2)?
6
Let d(f) = 3*f + 3. Let r(a) = -a**2 + 8*a - 9. Let q be r(6). Suppose -3*m = y - 7 - q, y = 2*m. Calculate d(y).
15
Let m(p) be the first derivative of 5 + 5/2*p**2 - 1/3*p**3 + 5*p. Give m(6).
-1
Let u(m) = m**3 - 14*m**2 - 3*m + 12. Suppose 74*p - 776 = 260. Determine u(p).
-30
Let o = -1335 + 1336. Let g(z) = -22*z**2 - z + 1. Determine g(o).
-22
Let q(h) = h. Let d be q(0). Let v = 109 + -107. Let w(g) = 1047 - 1061 - v*g + 3*g. Give w(d).
-14
Let h(r) = r**3 - 6*r**2 + 5*r. Let o(v) = v**3 - 6*v**2 + 5*v + 1. Let l(u) = -4*h(u) + 3*o(u). Determine l(4).
15
Suppose -3*p + 0 = -6. Let m(d) = p*d**3 - 2 + 6*d + 3*d**2 + 2*d**3 - 5*d**3. Let h(x) = x**3 - 6*x**2 + 4. Let j be h(6). What is m(j)?
6
Let x = -27 + 27. Let k(n) = 0*n + x*n + 0*n + n + 1. Calculate k(-4).
-3
Let n = -3 + 0. Let d(h) = 2*h**2 + 5*h + 3. Let z be d(n). Let b(w) = z*w - 3*w**2 - w**3 - 4 + w + 4*w**2 + 3*w**2. Determine b(5).
6
Let q(c) = c**3 + 3*c**2 + 3*c. Suppose -2*y + 27 = -11*y. Give q(y).
-9
Let l(w) be the first derivative of 0*w**2 - 6*w + 1 + 8/3*w**3 - 1/4*w**4. Determine l(8).
-6
Let g(w) = w**3 - 25*w**2 - w + 13. Let y be g(25). Let n(d) = d**2 + 10*d - 21. Let a be n(y). Let h(l) = -l**2 - 2*l + 2. Calculate h(a).
-13
Let h(x) = 2*x - 2. Let z be (-2 + 9)*(4/14 + 0). Suppose 0 = z*w + 4, 2*c + 4*w = -2 - 2. Determine h(c).
2
Let w(k) = -k**3 + k**2 + k. Let y(i) = -6*i**2 - 7*i - 6. Let v be ((-4)/3)/(140/(-105)). Let j(m) = v*w(m) + y(m). Suppose h + 5 = 1. What is j(h)?
2
Let r(j) = -5*j + 4. Let p(w) = 20*w - 15. Let f(u) = 4*p(u) + 15*r(u). Let z = 223 + -224. Calculate f(z).
-5
Let d(t) = -2*t**3 + 9*t**2 + 3*t - 11. Let x(f) = -f**3 + 8*f**2 + 3*f - 11. Let r(q) = 2*d(q) - 3*x(q). Determine r(-5).
1
Let w(r) = r. Let s be w(2). Let i(t) = 5*t**3 - 2*t**3 - t**2 - 1 - 4*t + s*t**3 + 3*t. Let c(h) = -h**2 - 7*h - 1. Let d be c(-7). Calculate i(d).
-6
Let a(v) be the first derivative of v**2/2 - 15*v - 462. Determine a(0).
-15
Let l(b) = -b**3 - 5*b**2 - 4*b - 3. Let o(s) = -s - 16. Let y be (-2)/(-6) + (-37)/3. Let v be o(y). What is l(v)?
-3
Let a = 84 - 81. Let s(l) = l**2 - 4*l - 8. Let x be s(6). Let w(y) = -a + y**2 - 4 + 0*y**2 - x*y. Determine w(6).
5
Let q(a) = 2*a**3 + 0*a**3 + 6*a**3 + 4*a**2 + 12 - a**3 + 6*a - 8*a**3. What is q(6)?
-24
Let q(b) = 2*b - 8. Let l be 161/(-46)*(-4)/14*7. Determine q(l).
6
Suppose 0 = -2*t - 2*n - 8, -4*t + 2*n = -2*n + 16. Let m(q) = -q**3 - 2*q**2 - q + 2. Determine m(t).
38
Let h(u) = -u + 1. Let t be (5 - 3)*50/(-1). Let v be (-9)/(-5)*t/(-12). Suppose 5*w + 0*w + v = 0. Give h(w).
4
Let w(l) = 2*l**2 - 15*l - 6. Suppose -3*g - 13 = -5*m + 13, 0 = -4*m - 3*g + 37. What is w(m)?
-13
Let t(v) be the first derivative of 4*v**2 - 3. Suppose 14*j + 5*i = 11*j - 3, 4*j + 4 = -5*i. What is t(j)?
-8
Suppose 2*q + 4*u = -8, 0*q + 3*u = -q - 5. Let j(h) = -h. Let d(o) = -7*o. Let y(f) = -d(f) + 6*j(f). Determine y(q).
-2
Let z(o) = o**3 - o**2 + o + 2. Let u be z(0). Let c(v) be the first derivative of -3/2*v**2 + 1 + v. What is c(u)?
-5
Let w be (1 + 3 - 1) + -3. Let u(l) = -4*l**2 - 1 + w - 3*l + 109*l**3 - 108*l**3. What is u(5)?
9
Let v(l) be the first derivative of 7*l**2 + l + 561. Determine v(-2).
-27
Let s(h) be the third derivative of h**6/120 - 2*h**5/15 - 3*h**4/8 - 2*h**3/3 + 67*h**2. What is s(9)?
-4
Suppose -9*p + 22*p = -65. Let f(h) = 3 + 0 + 2*h + 1. Give f(p).
-6
Let t = 16 + -6. Suppose -2*o + 0*o = -t. Let p(y) be the first derivative of y**2 - 2. Calculate p(o).
10
Let c(z) = -z**2 + z - 1 + z + 7*z. Suppose 0 = -69*v + 286*v - 1519. What is c(v)?
13
Suppose -50*w + 12*w = -266. Let a(x) = -x**2 + 6*x + 7. Determine a(w).
0
Let y(v) = 8*v - 7*v - 224 + 218. Determine y(-5).
-11
Let p(y) = -3*y**2 - 22*y**2 + y + 5*y**2 + 15*y**2 - y**2. What is p(-1)?
-7
Suppose -l + 4*n = -0 - 11, -2*l = n - 4. Suppose 5*i + 64 = -l*i. Let s(m) = m**3 + 7*m**2 - 7*m + 2. Calculate s(i).
-6
Let h(f) = 3*f - 4. Let l be 6*4/(7 - 3). Suppose -11 = -i - l. Give h(i).
11
Let l(t) = -11*t**2 - 9 - 2*t + 10*t**2 + 0*t. Calculate l(-6).
-33
Let x be (-2 - (0 + -2)) + -7. Let n(k) = k**3 + 6*k**2 - 10*k - 16. Give n(x).
5
Let q(z) = -z**2 + 6*z + 3. Let b be 1/(-8) - 8/64*-49. Determine q(b).
3
Let v(z) = -z**2 - 8*z. Let j be (-1380)/140 - 2/14. Determine v(j).
-20
Let i(y) = 3*y - 7. Let f be i(5). Suppose f*w - 27 = -3*d + 5*w, 4*w = -5*d + 42. Suppose 0 = 2*n + 2 - d. Let c(r) = -r**2 + 5*r - 2. Give c(n).
4
Let h(y) = -y**3 + y**2 - 4*y. Let j(s) = 2*s**3 - s**2 + 7*s. Let m(d) = 5*h(d) + 3*j(d). What is m(-2)?
-2
Let v(n) = -n**2 - 13*n - 35. Let x(l) = -2*l + 9. Let c be x(9). Give v(c).
1
Suppose -3*t + 9 = 3*a - 15, 4*t + 5*a - 37 = 0. Let z(o) = -4*o + 3*o - 2*o + o. Calculate z(t).
-6
Suppose -u - 7 = 34. Let d = -41 - u. Let m(z) = -z - 10. Calculate m(d).
-10
Let b(y) be the second derivative of y**4/12 + y**3/6 + y**2/2 - y. Let z = -2683 + 2682. Determine b(z).
1
Let i(p) be the third derivative of 0*p - 4*p**2 - 2/3*p**3 + 0 - 1/12*p**4. What is i(3)?
-10
Let g(s) = s**2 - 5*s + 3. Let v(r) = -r**3 - 16*r**2 - r - 12. Let d be v(-16). Let j be (-2)/d + 7/14 + 5. Give g(j).
3
Suppose 0 = 7*l - 4*l - 21. Let q = l - 9. Let w(s) = -5*s**3 - 3*s**2 - s - 3. Let i(o) = 4*o**3 + 3*o**2 + 2. Let f(x) = 4*i(x) + 3*w(x). What is f(q)?
9
Let a(g) = 10*g - 1. Let b be a(3). Let m = 26 - b. Let l(s) be the first derivative of s**2/2 + 2*s + 2. Calculate l(m).
-1
Let t(n) be the second derivative of -9*n + 2*n**2 + 0*n**3 - 1/8*n**4 - 1/60*n**5 + 0. Let b(r) be the first derivative of t(r). Give b(-3).
0
Let f(m) = -4*m**2 + 3*m**2 - 3 - 5*m**2 + 20*m**3 - 2*m - 21*m**3. Let z(d) = -d - 3. Let v be z(-6). Suppose -18 = 4*b - v*k, -3*b = 4*k - 16 + 42. Give f(b).
9
Let s(a) = 12*a - 15. Let z(h) = 6*h - 6. Let i(w) = 2*s(w) - 5*z(w). Determine i(5).
-30
Let m(t) = 0 + 8 + 1 + 2 + 41*t - 40*t. Determine m(-15).
-4
Let b(o) = -142*o - 3. Let f be b(-1). Let h = f - 138. Let p(u) =